31 (base 6) to base 16.
-188b
What is 1000010010001101 (base 2) in base 8?
102215
2024322 (base 5) to base 11
2294a
What is 330531 (base 6) in base 2?
110101100010111
-112021 (base 3) to base 14
-1d7
Convert -6b82 (base 13) to base 11.
-10420
-10111011001 (base 2) to base 13
-8b2
What is -2221111120 (base 3) in base 5?
-3323312
113241 (base 5) to base 15
139b
Convert dc12 (base 15) to base 12.
22b68
11001001100 (base 2) to base 5
22422
What is -ae (base 16) in base 10?
-174
Convert 1111100101010 (base 2) to base 15.
256d
520 (base 15) to base 6
5203
-15a9b (base 14) to base 12
-27475
875 (base 10) to base 6
4015
4622 (base 8) to base 16
992
101110101000 (base 2) to base 13
1487
48d (base 15) to base 5
13113
Convert 31011122 (base 4) to base 2.
1101000101011010
What is 432 (base 5) in base 12?
99
Convert -12949 (base 16) to base 3.
-10212101201
What is 1219 (base 11) in base 15?
713
Convert e773 (base 15) to base 5.
3031213
What is -111011001 (base 2) in base 8?
-731
26c4 (base 13) to base 14
205a
Convert 26427 (base 12) to base 14.
15183
What is 18ab (base 16) in base 7?
24261
What is 3a40 (base 12) in base 6?
50520
-34305 (base 6) to base 9
-6605
What is 1001233 (base 4) in base 9?
5684
10546 (base 8) to base 2
1000101100110
Convert -890 (base 12) to base 2.
-10011101100
Convert -37113 (base 10) to base 7.
-213126
Convert -165 (base 12) to base 16.
-dd
Convert 2034 (base 9) to base 12.
a41
-a9a6 (base 11) to base 13
-67b7
What is -118686 (base 9) in base 5?
-4301011
Convert -1010324 (base 5) to base 8.
-37723
10011010111101 (base 2) to base 15
2e12
-121210 (base 3) to base 8
-705
-3a38 (base 13) to base 5
-231303
1262 (base 8) to base 14
374
What is -11102 (base 4) in base 5?
-2323
Convert -741 (base 10) to base 16.
-2e5
What is 383 (base 11) in base 8?
706
-10001011020 (base 3) to base 6
-1141140
-580 (base 12) to base 5
-11231
Convert 47 (base 15) to base 10.
67
What is 4573 (base 11) in base 3?
22020120
-1b03 (base 12) to base 15
-eb0
Convert 2846 (base 10) to base 6.
21102
What is -112133 (base 4) in base 7?
-4124
3010100 (base 4) to base 11
9489
Convert 4345 (base 7) to base 6.
11104
Convert 132102 (base 5) to base 12.
3079
Convert 5572 (base 15) to base 12.
a58b
What is 2442141 (base 5) in base 4?
23113102
What is 100415 (base 7) in base 12?
9a1b
Convert 221045 (base 6) to base 7.
104420
Convert -11ba5 (base 12) to base 14.
-8b49
What is 866 (base 12) in base 14?
63c
30031 (base 4) to base 5
11111
-13011023 (base 4) to base 3
-1110210012
What is -20430 (base 5) in base 9?
-1776
What is 45547 (base 8) in base 16?
4b67
121121 (base 3) to base 14
240
What is b6 (base 15) in base 11?
146
-4361 (base 10) to base 11
-3305
What is abb4 (base 13) in base 7?
126621
Convert -1578 (base 10) to base 4.
-120222
Convert -3674 (base 13) to base 6.
-55352
Convert -3586 (base 9) to base 14.
-d8a
What is -1111000100010001 (base 2) in base 5?
-3433323
Convert 45342 (base 6) to base 16.
18fe
Convert -64511 (base 9) to base 12.
-20861
What is -18346 (base 13) in base 10?
-46702
What is -1161 (base 7) in base 16?
-1b3
What is -4e0 (base 15) in base 11?
-91a
Convert -111310 (base 5) to base 2.
-111101110011
Convert 181 (base 9) to base 10.
154
1284 (base 15) to base 14
1621
-1211000 (base 3) to base 5
-20243
Convert -150307 (base 8) to base 14.
-15699
390 (base 14) to base 5
10324
Convert -415 (base 8) to base 7.
-533
Convert -11ba (base 12) to base 16.
-7de
Convert 1332223 (base 5) to base 11.
19477
1246 (base 7) to base 13
2a7
109 (base 12) to base 9
180
Convert 30233120 (base 4) to base 13.
1a9a2
What is -210110112 (base 3) in base 9?
-23415
-1505 (base 6) to base 4
-12101
What is -113024 (base 5) in base 2?
-1000000101011
Convert 81 (base 14) to base 13.
89
What is -4005 (base 9) in base 8?
-5551
-11120 (base 6) to base 3
-2010210
102211 (base 3) to base 5
2234
Convert -21121 (base 3) to base 4.
-3031
What is 22345 (base 9) in base 16?
3a10
-14241 (base 5) to base 7
-3326
What is -1102 (base 3) in base 15?
-28
Convert -370 (base 10) to base 4.
-11302
-444 (base 16) to base 14
-580
4303 (base 5) to base 8
1102
Convert 1200 (base 3) to base 14.
33
Convert 6760 (base 13) to base 16.
386b
What is 1a3 (base 13) in base 12?
212
Convert -1043410 (base 5) to base 2.
-100100010101101
Convert 1020102 (base 3) to base 2.
1110000110
Convert 87c (base 16) to base 14.
b12
What is -2062 (base 7) in base 5?
-10410
What is 10103230 (base 4) in base 12?
a264
1b1 (base 15) to base 4
12013
What is -110111001 (base 3) in base 9?
-13431
-51d (base 16) to base 13
-799
What is -d5e (base 16) in base 6?
-23502
-5171 (base 11) to base 13
-3173
What is 300212 (base 5) in base 2?
10010011011000
1540 (base 16) to base 10
5440
What is -121405 (base 7) in base 3?
-1010101111
-68b3 (base 13) to base 3
-202010201
834b (base 16) to base 5
2033421
What is -175d (base 14) in base 12?
-251b
-123121 (base 4) to base 2
-11011011001
Convert -20021 (base 3) to base 2.
-10101001
12234 (base 5) to base 2
1110110000
What is 57b (base 16) in base 14?
723
12d (base 15) to base 11
224
Convert 97a (base 12) to base 10.
1390
What is 2571 (base 15) in base 3?
101221121
What is 2122002 (base 3) in base 11?
1495
10111000 (base 2) to base 9
224
-b157 (base 14) to base 2
-111011011111001
What is c017 (base 13) in base 4?
12130100
Convert -a87b (base 14) to base 15.
-8962
Convert -100210 (base 4) to base 10.
-1060
Convert 2150 (base 7) to base 9.
1045
244410 (base 5) to base 14
35a3
What is 1b4 (base 12) in base 6?
1144
What is 52a (base 13) in base 2?
1101110001
Convert -10001000010010000 (base 2) to base 12.
-34468
-1155 (base 12) to base 14
-9c5
-689 (base 14) to base 6
-10001
-8218 (base 9) to base 16
-177b
What is -8b50 (base 15) in base 12?
-15126
What is -844 (base 9) in base 11?
-576
What is 20210231 (base 4) in base 15?
a612
27e3 (base 15) to base 10
8538
Convert -564 (base 8) to base 5.
-2442
What is -20000222 (base 3) in base 6?
-32212
Convert -616 (base 9) to base 14.
-27b
Convert -216 (base 12) to base 7.
-615
36a30 (base 11) to base 14
15528
213445 (base 6) to base 14
6621
What is -7303 (base 8) in base 16?
-ec3
Convert -330223 (base 4) to base 14.
-15b5
-32356 (base 7) to base 16
-1f8d
1211121 (base 4) to base 13
2c52
Convert -3564 (base 11) to base 13.
-2181
-3311 (base 6) to base 8
-1373
What is 14762 (base 8) in base 4?
1213302
1966 (base 10) to base 15
8b1
What is a01 (base 13) in base 4?
122123
5290 (base 10) to base 16
14aa
-31220 (base 4) to base 6
-4012
8ea0 (base 15) to base 14
b084
What is -4023031 (base 5) in base 12?
-31151
4031 (base 8) to base 6
13333
What is -cfe (base 16) in base 6?
-23222
-7244 (base 16) to base 9
-44112
Convert -f9 (base 16) to base 15.
-119
Convert 6472 (base 11) to base 9.
12648
What is -210020 (base 4) in base 8?
-4410
What is -323320 (base 4) in base 5?
-110312
What is 287 (base 10) in base 4?
10133
What is -4 (base 15) in base 11?
-4
2240 (base 8) to base 3
1121212
Convert -120032 (base 4) to base 14.
-7ca
What is -100100101 (base 2) in base 16?
-125
-223333 (base 4) to base 12
-1767
100130110 (base 4) to base 2
10000011100010100
Convert 2120122 (base 3) to base 4.
131120
What is 228 (base 14) in base 4?
12230
What is 3a9 (base 15) in base 6?
3510
What is -13424 (base 12) in base 15?
-7cd4
What is -103d (base 14) in base 3?
-10211200
134b (base 12) to base 9
3035
ccb2 (base 13) to base 6
340041
Convert -1121020102 (base 3) to base 7.
-160616
-3897 (base 11) to base 8
-11713
-23022 (base 6) to base 8
-6266
What is 11012012 (base 3) in base 10?
3056
Convert 512 (base 15) to base 14.
5b8
What is 122420 (base 5) in base 16?
127f
-253 (base 15) to base 7
-1353
5230 (base 9) to base 11
2976
What is 1034124 (base 5) in base 11?
1260a
101111000010 (base 2) to base 4
233002
1455 (base 7) to base 12
403
Convert 33 (base 4) to base 16.
f
-53172 (base 8) to base 11
-156a6
Convert -3830 (base 13) to base 4.
-1330232
What is 172 (base 13) in base 12?
19a
What is -18322 (base 11) in base 5?
-1310201
Convert -22715 (base 8) to base 16.
-25cd
11143 (base 6) to base 2
11000100111
Convert 4859 (base 13) to base 16.
27e6
Convert 1056 (base 13) to base 7.
6420
-1210001 (base 3) to base 14
-689
-1011011001 (base 2) to base 5
-10404
What is 9766 (base 15) in base 10?
32046